{"id":1460,"date":"2024-05-09T09:49:27","date_gmt":"2024-05-09T12:49:27","guid":{"rendered":"https:\/\/sindifiba.org.br\/site\/?page_id=1460"},"modified":"2024-05-09T09:49:29","modified_gmt":"2024-05-09T12:49:29","slug":"pautas-2024-2025","status":"publish","type":"page","link":"https:\/\/sindifiba.org.br\/site\/pautas-2024-2025\/","title":{"rendered":"Pautas 2024\/2025"},"content":{"rendered":"\n<p>Essas s\u00e3o as pautas que recebemos at\u00e9 o momento dos sindicatos que representam os trabalhadores, as conven\u00e7\u00f5es coletivas ser\u00e3o postadas assim que as negocia\u00e7\u00f5es terminarem.<\/p>\n\n\n\n<p>SINDISA\u00daDE<\/p>\n\n\n<iframe src=\"\/\/docs.google.com\/viewer?url=https%3A%2F%2Fsindifiba.org.br%2Fsite%2Fwp-content%2Fuploads%2F2024%2F05%2FPAUTA-SINDISAUDE-2024-2025.pdf&hl=pt_BR&embedded=true\" class=\"gde-frame\" style=\"width:100%; height:700px; border: none;\" scrolling=\"no\"><\/iframe>\n<p class=\"gde-text\"><a href=\"https:\/\/sindifiba.org.br\/site\/wp-content\/uploads\/2024\/05\/PAUTA-SINDISAUDE-2024-2025.pdf\" class=\"gde-link\">Download (PDF, 3MB)<\/a><\/p>\n\n\n<p>SINDIMED<\/p>\n\n\n<iframe src=\"\/\/docs.google.com\/viewer?url=https%3A%2F%2Fsindifiba.org.br%2Fsite%2Fwp-content%2Fuploads%2F2024%2F05%2FPAUTA-SINDIMED-2024-2025.pdf&hl=pt_BR&embedded=true\" class=\"gde-frame\" style=\"width:100%; height:700px; border: none;\" scrolling=\"no\"><\/iframe>\n<p class=\"gde-text\"><a href=\"https:\/\/sindifiba.org.br\/site\/wp-content\/uploads\/2024\/05\/PAUTA-SINDIMED-2024-2025.pdf\" class=\"gde-link\">Download (PDF, 1.11MB)<\/a><\/p>\n\n\n<p>SEEB<\/p>\n\n\n<iframe src=\"\/\/docs.google.com\/viewer?url=https%3A%2F%2Fsindifiba.org.br%2Fsite%2Fwp-content%2Fuploads%2F2024%2F05%2FPAUTA-SEEB-2024-2025.pdf&hl=pt_BR&embedded=true\" class=\"gde-frame\" style=\"width:100%; height:700px; border: none;\" scrolling=\"no\"><\/iframe>\n<p class=\"gde-text\"><a href=\"https:\/\/sindifiba.org.br\/site\/wp-content\/uploads\/2024\/05\/PAUTA-SEEB-2024-2025.pdf\" class=\"gde-link\">Download (PDF, 185KB)<\/a><\/p>\n\n\n<p>SINDIMAGEM<\/p>\n\n\n<iframe src=\"\/\/docs.google.com\/viewer?url=https%3A%2F%2Fsindifiba.org.br%2Fsite%2Fwp-content%2Fuploads%2F2024%2F05%2FPAUTA-SINDIMAGEM-2024-2025.pdf&hl=pt_BR&embedded=true\" class=\"gde-frame\" style=\"width:100%; height:700px; border: none;\" scrolling=\"no\"><\/iframe>\n<p class=\"gde-text\"><a href=\"https:\/\/sindifiba.org.br\/site\/wp-content\/uploads\/2024\/05\/PAUTA-SINDIMAGEM-2024-2025.pdf\" class=\"gde-link\">Download (PDF, 527KB)<\/a><\/p>\n<p>SINDIFARMA<\/p>\n<iframe src=\"\/\/docs.google.com\/viewer?url=https%3A%2F%2Fsindifiba.org.br%2Fsite%2Fwp-content%2Fuploads%2F2024%2F05%2FPAUTA-SINDIFARMA-2024-2025.pdf&hl=pt_BR&embedded=true\" class=\"gde-frame\" style=\"width:100%; height:700px; border: none;\" scrolling=\"no\"><\/iframe>\n<p class=\"gde-text\"><a href=\"https:\/\/sindifiba.org.br\/site\/wp-content\/uploads\/2024\/05\/PAUTA-SINDIFARMA-2024-2025.pdf\" class=\"gde-link\">Download (PDF, 1.89MB)<\/a><\/p>\n<p>SINDNUT<\/p>\n<iframe src=\"\/\/docs.google.com\/viewer?url=https%3A%2F%2Fsindifiba.org.br%2Fsite%2Fwp-content%2Fuploads%2F2024%2F05%2FPAUTA-SINDNUT-2024-2025.pdf&hl=pt_BR&embedded=true\" class=\"gde-frame\" style=\"width:100%; height:700px; border: none;\" scrolling=\"no\"><\/iframe>\n<p class=\"gde-text\"><a href=\"https:\/\/sindifiba.org.br\/site\/wp-content\/uploads\/2024\/05\/PAUTA-SINDNUT-2024-2025.pdf\" class=\"gde-link\">Download (PDF, 171KB)<\/a><\/p>\n<p>SASB<\/p>\n<iframe src=\"\/\/docs.google.com\/viewer?url=https%3A%2F%2Fsindifiba.org.br%2Fsite%2Fwp-content%2Fuploads%2F2024%2F05%2FPAUTA-SASB-2024-2025.pdf&hl=pt_BR&embedded=true\" class=\"gde-frame\" style=\"width:100%; height:700px; border: none;\" scrolling=\"no\"><\/iframe>\n<p class=\"gde-text\"><a href=\"https:\/\/sindifiba.org.br\/site\/wp-content\/uploads\/2024\/05\/PAUTA-SASB-2024-2025.pdf\" class=\"gde-link\">Download (PDF, 357KB)<\/a><\/p>\n<p>SINFITO<\/p>\n<iframe src=\"\/\/docs.google.com\/viewer?url=https%3A%2F%2Fsindifiba.org.br%2Fsite%2Fwp-content%2Fuploads%2F2024%2F05%2FPAUTA-SINFITO-2024-2024.pdf&hl=pt_BR&embedded=true\" class=\"gde-frame\" style=\"width:100%; height:700px; border: none;\" scrolling=\"no\"><\/iframe>\n<p class=\"gde-text\"><a href=\"https:\/\/sindifiba.org.br\/site\/wp-content\/uploads\/2024\/05\/PAUTA-SINFITO-2024-2024.pdf\" class=\"gde-link\">Download (PDF, 183KB)<\/a><\/p>","protected":false},"excerpt":{"rendered":"<p>Essas s\u00e3o as pautas que recebemos at\u00e9 o momento dos sindicatos que representam os trabalhadores, as conven\u00e7\u00f5es coletivas ser\u00e3o postadas assim que as negocia\u00e7\u00f5es terminarem. SINDISA\u00daDE SINDIMED SEEB SINDIMAGEM SINDIFARMA SINDNUT SASB SINFITO<\/p>\n","protected":false},"author":2,"featured_media":0,"parent":0,"menu_order":0,"comment_status":"closed","ping_status":"closed","template":"","meta":[],"_links":{"self":[{"href":"https:\/\/sindifiba.org.br\/site\/wp-json\/wp\/v2\/pages\/1460"}],"collection":[{"href":"https:\/\/sindifiba.org.br\/site\/wp-json\/wp\/v2\/pages"}],"about":[{"href":"https:\/\/sindifiba.org.br\/site\/wp-json\/wp\/v2\/types\/page"}],"author":[{"embeddable":true,"href":"https:\/\/sindifiba.org.br\/site\/wp-json\/wp\/v2\/users\/2"}],"replies":[{"embeddable":true,"href":"https:\/\/sindifiba.org.br\/site\/wp-json\/wp\/v2\/comments?post=1460"}],"version-history":[{"count":1,"href":"https:\/\/sindifiba.org.br\/site\/wp-json\/wp\/v2\/pages\/1460\/revisions"}],"predecessor-version":[{"id":1462,"href":"https:\/\/sindifiba.org.br\/site\/wp-json\/wp\/v2\/pages\/1460\/revisions\/1462"}],"wp:attachment":[{"href":"https:\/\/sindifiba.org.br\/site\/wp-json\/wp\/v2\/media?parent=1460"}],"curies":[{"name":"wp","href":"https:\/\/api.w.org\/{rel}","templated":true}]}}