{"id":499,"date":"2016-05-03T16:40:17","date_gmt":"2016-05-03T19:40:17","guid":{"rendered":"http:\/\/sindifiba.org.br\/site\/?page_id=499"},"modified":"2016-07-06T17:47:44","modified_gmt":"2016-07-06T20:47:44","slug":"2013-2014","status":"publish","type":"page","link":"https:\/\/sindifiba.org.br\/site\/2013-2014\/","title":{"rendered":"2013-2014"},"content":{"rendered":"<iframe src=\"\/\/docs.google.com\/viewer?url=https%3A%2F%2Fsindifiba.org.br%2Fsite%2Fwp-content%2Fuploads%2F2016%2F05%2FConven%C3%A7%C3%A3o-SINDISA%C3%9ADE-2013-2014.pdf&hl=pt_BR&embedded=true\" class=\"gde-frame\" style=\"width:100%; height:700px; border: none;\" scrolling=\"no\"><\/iframe>\n<p class=\"gde-text\"><a href=\"https:\/\/sindifiba.org.br\/site\/wp-content\/uploads\/2016\/05\/Conven\u00e7\u00e3o-SINDISA\u00daDE-2013-2014.pdf\" class=\"gde-link\">Download (PDF, 1.33MB)<\/a><\/p>\n<iframe src=\"\/\/docs.google.com\/viewer?url=https%3A%2F%2Fsindifiba.org.br%2Fsite%2Fwp-content%2Fuploads%2F2016%2F05%2FConven%C3%A7%C3%A3o-SEEB-2013-2014.pdf&hl=pt_BR&embedded=true\" class=\"gde-frame\" style=\"width:100%; height:700px; border: none;\" scrolling=\"no\"><\/iframe>\n<p class=\"gde-text\"><a href=\"https:\/\/sindifiba.org.br\/site\/wp-content\/uploads\/2016\/05\/Conven\u00e7\u00e3o-SEEB-2013-2014.pdf\" class=\"gde-link\">Download (PDF, 1.04MB)<\/a><\/p>\n<iframe src=\"\/\/docs.google.com\/viewer?url=https%3A%2F%2Fsindifiba.org.br%2Fsite%2Fwp-content%2Fuploads%2F2016%2F05%2FCONVEN%C3%87%C3%83O-SINDIMED-2013-2014.pdf&hl=pt_BR&embedded=true\" class=\"gde-frame\" style=\"width:100%; height:700px; border: none;\" scrolling=\"no\"><\/iframe>\n<p class=\"gde-text\"><a href=\"https:\/\/sindifiba.org.br\/site\/wp-content\/uploads\/2016\/05\/CONVEN\u00c7\u00c3O-SINDIMED-2013-2014.pdf\" class=\"gde-link\">Download (PDF, 585KB)<\/a><\/p>\n<iframe src=\"\/\/docs.google.com\/viewer?url=https%3A%2F%2Fsindifiba.org.br%2Fsite%2Fwp-content%2Fuploads%2F2016%2F05%2FCONVEN%C3%87%C3%83O-SINDIFARMA-2013-2014.pdf&hl=pt_BR&embedded=true\" class=\"gde-frame\" style=\"width:100%; height:700px; border: none;\" scrolling=\"no\"><\/iframe>\n<p class=\"gde-text\"><a href=\"https:\/\/sindifiba.org.br\/site\/wp-content\/uploads\/2016\/05\/CONVEN\u00c7\u00c3O-SINDIFARMA-2013-2014.pdf\" class=\"gde-link\">Download (PDF, 1008KB)<\/a><\/p>\n<iframe src=\"\/\/docs.google.com\/viewer?url=https%3A%2F%2Fsindifiba.org.br%2Fsite%2Fwp-content%2Fuploads%2F2016%2F05%2FCONVEN%C3%87%C3%83O-SINDIMAGEM-2013-2014.pdf&hl=pt_BR&embedded=true\" class=\"gde-frame\" style=\"width:100%; height:700px; border: none;\" scrolling=\"no\"><\/iframe>\n<p class=\"gde-text\"><a href=\"https:\/\/sindifiba.org.br\/site\/wp-content\/uploads\/2016\/05\/CONVEN\u00c7\u00c3O-SINDIMAGEM-2013-2014.pdf\" class=\"gde-link\">Download (PDF, 837KB)<\/a><\/p>\n<iframe src=\"\/\/docs.google.com\/viewer?url=https%3A%2F%2Fsindifiba.org.br%2Fsite%2Fwp-content%2Fuploads%2F2016%2F05%2FPrimeiro-Aditivo-Conven%C3%A7%C3%A3o-SINDIMAGEM-2013-2014.pdf&hl=pt_BR&embedded=true\" class=\"gde-frame\" style=\"width:100%; height:700px; border: none;\" scrolling=\"no\"><\/iframe>\n<p class=\"gde-text\"><a href=\"https:\/\/sindifiba.org.br\/site\/wp-content\/uploads\/2016\/05\/Primeiro-Aditivo-Conven\u00e7\u00e3o-SINDIMAGEM-2013-2014.pdf\" class=\"gde-link\">Download (PDF, 220KB)<\/a><\/p>\n<iframe src=\"\/\/docs.google.com\/viewer?url=https%3A%2F%2Fsindifiba.org.br%2Fsite%2Fwp-content%2Fuploads%2F2016%2F05%2FConven%C3%A7%C3%A3o-SINDNUT-2013-2014.pdf&hl=pt_BR&embedded=true\" class=\"gde-frame\" style=\"width:100%; height:700px; border: none;\" scrolling=\"no\"><\/iframe>\n<p class=\"gde-text\"><a href=\"https:\/\/sindifiba.org.br\/site\/wp-content\/uploads\/2016\/05\/Conven\u00e7\u00e3o-SINDNUT-2013-2014.pdf\" class=\"gde-link\">Download (PDF, 1.06MB)<\/a><\/p>\n","protected":false},"excerpt":{"rendered":"<p>Download (PDF, 1.33MB) Download (PDF, 1.04MB) Download (PDF, 585KB) Download (PDF, 1008KB) Download (PDF, 837KB) Download (PDF, 220KB) Download (PDF, 1.06MB)<\/p>\n","protected":false},"author":1,"featured_media":0,"parent":0,"menu_order":0,"comment_status":"closed","ping_status":"closed","template":"","meta":[],"_links":{"self":[{"href":"https:\/\/sindifiba.org.br\/site\/wp-json\/wp\/v2\/pages\/499"}],"collection":[{"href":"https:\/\/sindifiba.org.br\/site\/wp-json\/wp\/v2\/pages"}],"about":[{"href":"https:\/\/sindifiba.org.br\/site\/wp-json\/wp\/v2\/types\/page"}],"author":[{"embeddable":true,"href":"https:\/\/sindifiba.org.br\/site\/wp-json\/wp\/v2\/users\/1"}],"replies":[{"embeddable":true,"href":"https:\/\/sindifiba.org.br\/site\/wp-json\/wp\/v2\/comments?post=499"}],"version-history":[{"count":5,"href":"https:\/\/sindifiba.org.br\/site\/wp-json\/wp\/v2\/pages\/499\/revisions"}],"predecessor-version":[{"id":706,"href":"https:\/\/sindifiba.org.br\/site\/wp-json\/wp\/v2\/pages\/499\/revisions\/706"}],"wp:attachment":[{"href":"https:\/\/sindifiba.org.br\/site\/wp-json\/wp\/v2\/media?parent=499"}],"curies":[{"name":"wp","href":"https:\/\/api.w.org\/{rel}","templated":true}]}}