{"id":55,"date":"2016-12-31T15:00:13","date_gmt":"2016-12-31T18:00:13","guid":{"rendered":"http:\/\/sindifiba.org.br\/site\/?page_id=55"},"modified":"2024-07-29T13:24:51","modified_gmt":"2024-07-29T16:24:51","slug":"capital","status":"publish","type":"page","link":"https:\/\/sindifiba.org.br\/site\/capital\/","title":{"rendered":"Capital"},"content":{"rendered":"<p><strong>Associa\u00e7\u00e3o Obras Sociais Irm\u00e3 Dulce<\/strong><\/p>\n<p>Avenida Bonfim, n\u00ba\u00a0 161 Largo de Roma, Salvador \u2013 BA. CEP 40.420-415<\/p>\n<p>Site: https:\/\/www.irmadulce.org.br\/<\/p>\n<p>Tel.: (71) 3310-1100 \/ 0800 284 5284<\/p>\n<p><strong>Funda\u00e7\u00e3o ABM de Pesquisa na \u00c1rea da Sa\u00fade<\/strong><\/p>\n<p>Av. Tancredo Neves, Ed. Empresarial Garcia D&#8217;\u00c1vila, Sala 1103. Salvador &#8211; BA. CEP: 41820-021<\/p>\n<p>Site: http:\/\/www.fabamed.org.br\/<\/p>\n<p>Tel.: (71) 3033-4507<\/p>\n<p><strong>Funda\u00e7\u00e3o Jos\u00e9 Silveira<\/strong><\/p>\n<p>Ladeira do Campo Santo, s\/n &#8211; Federa\u00e7\u00e3o. Salvador \u2013 BA. CEP: 40210-320.<\/p>\n<p>Site: http:\/\/www.fjs.org.br\/<\/p>\n<p>Tel.: (71) 3504-5000<\/p>\n<p><strong>Hospital Humberto Castro Lima<\/strong><\/p>\n<p>Rua Pedro Lessa &#8211; n\u00ba 118 \u2013 Canela. Salvador \u2013 BA. CEP 40.110-050.<\/p>\n<p>Site: http:\/\/hhcl.org.br\/<\/p>\n<p>Tel.: 71 3173-8222<\/p>\n<p><strong>Hospital Portugu\u00eas<\/strong><\/p>\n<p>Av. Princesa Isabel, n\u00ba 914, Barra Avenida. Salvador \u2013 BA. CEP 40.140-901.<\/p>\n<p>Site: http:\/\/www.hportugues.com.br\/<\/p>\n<p>Tel.: 71 3203.5555<\/p>\n<p><strong>Hospital Santa Luzia<\/strong><\/p>\n<p>Pra\u00e7a Conselheiro Almeida Couto, n\u00ba 110 &#8211; Nazar\u00e9 &#8211; Salvador\/BA. CEP 40050-405<\/p>\n<p>Site: http:\/\/www.hospitalsantaluzia.org.br\/<\/p>\n<p>Tel.: 71 2109-3535<\/p>\n<p class=\"LC20lb MBeuO DKV0Md\"><strong>Instituto Fernando Filgueiras: IFF<\/strong><\/p>\n<p>Rua Rua Lucaia, Edif\u00edcio Professor Jorge Novis, n\u00ba 337. Sala 601. Rio Vermelho, Salvador-BA. CEP 41940-650<\/p>\n<p>Site: https:\/\/fernandofilgueiras.org.br\/<\/p>\n<p>Tel.: (71) 3379-8088<\/p>\n<p><strong>Instituto de Gest\u00e3o e Humaniza\u00e7\u00e3o<\/strong><\/p>\n<p>Rua Luis Portela Silva, n\u00ba 511S Itaigara, Salvador-BA. CEP\u00a041815-290<\/p>\n<p>Site: http:\/\/www.igh.org.br<\/p>\n<p>Tel.: (71)\u00a03277-0850 \/ (71) 3023-0602<\/p>\n<p><strong>Instituto Nacional de Tecnologia e Sa\u00fade<\/strong><\/p>\n<p>Av. Professor Magalh\u00e3es Neto, n\u00ba 1856, Ed. TK Tower, 08\u00ba andar, sala 806.\u00a0Salvador-BA. CEP\u00a041810-012<\/p>\n<p>Site:\u00a0http:\/\/ints.org.br<\/p>\n<p>(71) 3018-1212 \/ (71)\u00a03034-7600<\/p>\n<p><strong>Liga \u00c1lvaro Bahia Contra a Mortalidade Infantil &#8211; Martag\u00e3o Gesteira \u2013 Hospital da Crian\u00e7a<\/strong><\/p>\n<p>Rua Jos\u00e9 Duarte, n\u00ba 114, Toror\u00f3. Salvador &#8211; BA. CEP 40050-050<\/p>\n<p>Site: http:\/\/www.martagaogesteira.org.br<\/p>\n<p>Tel.:(71)3032-3700<\/p>\n<p><strong>Monte Tabor Centro Italo Brasileiro de Prom Sanitaria<\/strong><\/p>\n<p>Avenida S\u00e3o Rafael, n\u00ba\u00a0 2152, S\u00e3o Marcos &#8211; Salvador \u2013 BA. CEP 41253-190<\/p>\n<p>Tel.:\u00a0(71) 3409-8100 \/ (71) 3409-8106<\/p>\n<p><strong>Santa Casa da Bahia<\/strong><\/p>\n<p>Av. Joana Ang\u00e9lica,\u00a0n\u00ba 79, Nazar\u00e9 &#8211; Salvador \u2013 BA. CEP 40050-001<\/p>\n<p>Site: http:\/\/www.santacasaba.org.br\/<\/p>\n<p>Tel.: (71) 2203-9666<\/p>\n","protected":false},"excerpt":{"rendered":"<p>Associa\u00e7\u00e3o Obras Sociais Irm\u00e3 Dulce Avenida Bonfim, n\u00ba\u00a0 161 Largo de Roma, Salvador \u2013 BA. CEP 40.420-415 Site: https:\/\/www.irmadulce.org.br\/ Tel.: (71) 3310-1100 \/ 0800 284 5284 Funda\u00e7\u00e3o ABM de Pesquisa na \u00c1rea da Sa\u00fade Av. Tancredo Neves, Ed. Empresarial Garcia D&#8217;\u00c1vila, Sala 1103. Salvador &#8211; BA. CEP: 41820-021 Site: http:\/\/www.fabamed.org.br\/ Tel.: (71) 3033-4507 Funda\u00e7\u00e3o Jos\u00e9&hellip;<\/p>\n","protected":false},"author":1,"featured_media":0,"parent":0,"menu_order":0,"comment_status":"closed","ping_status":"closed","template":"","meta":[],"_links":{"self":[{"href":"https:\/\/sindifiba.org.br\/site\/wp-json\/wp\/v2\/pages\/55"}],"collection":[{"href":"https:\/\/sindifiba.org.br\/site\/wp-json\/wp\/v2\/pages"}],"about":[{"href":"https:\/\/sindifiba.org.br\/site\/wp-json\/wp\/v2\/types\/page"}],"author":[{"embeddable":true,"href":"https:\/\/sindifiba.org.br\/site\/wp-json\/wp\/v2\/users\/1"}],"replies":[{"embeddable":true,"href":"https:\/\/sindifiba.org.br\/site\/wp-json\/wp\/v2\/comments?post=55"}],"version-history":[{"count":21,"href":"https:\/\/sindifiba.org.br\/site\/wp-json\/wp\/v2\/pages\/55\/revisions"}],"predecessor-version":[{"id":1465,"href":"https:\/\/sindifiba.org.br\/site\/wp-json\/wp\/v2\/pages\/55\/revisions\/1465"}],"wp:attachment":[{"href":"https:\/\/sindifiba.org.br\/site\/wp-json\/wp\/v2\/media?parent=55"}],"curies":[{"name":"wp","href":"https:\/\/api.w.org\/{rel}","templated":true}]}}